{"id":28721,"date":"2019-09-30T15:08:45","date_gmt":"2019-09-30T15:08:45","guid":{"rendered":"http:\/\/cadernos.catedra-alberto-benveniste.org\/about-cadernos\/"},"modified":"2020-10-31T15:15:57","modified_gmt":"2020-10-31T15:15:57","slug":"about-cadernos","status":"publish","type":"page","link":"https:\/\/cadernos.catedra-alberto-benveniste.org\/en\/about-cadernos\/","title":{"rendered":"About Cadernos"},"content":{"rendered":"<p>[et_pb_section fb_built=&#8221;1&#8243; fullwidth=&#8221;on&#8221; admin_label=&#8221;imagem full&#8221; _builder_version=&#8221;3.2.2&#8243; background_color=&#8221;#f7f7f7&#8243; custom_padding_tablet=&#8221;0px||0px|&#8221;][et_pb_fullwidth_header title=&#8221;About Cadernos&#8221; background_overlay_color=&#8221;rgba(0,0,0,0.2)&#8221; content_max_width=&#8221;550px&#8221; admin_label=&#8221;Imagem Full&#8221; _builder_version=&#8221;3.16&#8243; title_text_color=&#8221;#ffffff&#8221; subhead_font=&#8221;|||on|||||&#8221; subhead_line_height=&#8221;1.4em&#8221; background_color=&#8221;rgba(255, 255, 255, 0)&#8221; background_image=&#8221;https:\/\/cadernos.catedra-alberto-benveniste.org\/wp-content\/uploads\/2018\/05\/imagem-top-8.jpg&#8221; parallax=&#8221;on&#8221; parallax_method=&#8221;on&#8221; module_alignment=&#8221;right&#8221; custom_margin=&#8221;|||&#8221; custom_padding=&#8221;8%||260px|&#8221; child_filter_saturate=&#8221;92%&#8221; button_one_text_size__hover_enabled=&#8221;off&#8221; button_two_text_size__hover_enabled=&#8221;off&#8221; button_one_text_color__hover_enabled=&#8221;off&#8221; button_two_text_color__hover_enabled=&#8221;off&#8221; button_one_border_width__hover_enabled=&#8221;off&#8221; button_two_border_width__hover_enabled=&#8221;off&#8221; button_one_border_color__hover_enabled=&#8221;off&#8221; button_two_border_color__hover_enabled=&#8221;off&#8221; button_one_border_radius__hover_enabled=&#8221;off&#8221; button_two_border_radius__hover_enabled=&#8221;off&#8221; button_one_letter_spacing__hover_enabled=&#8221;off&#8221; button_two_letter_spacing__hover_enabled=&#8221;off&#8221; button_one_bg_color__hover_enabled=&#8221;off&#8221; button_two_bg_color__hover_enabled=&#8221;off&#8221;][\/et_pb_fullwidth_header][\/et_pb_section][et_pb_section fb_built=&#8221;1&#8243; admin_label=&#8221;texto \/ sobre os cadernos&#8221; _builder_version=&#8221;3.0.106&#8243; background_color=&#8221;#efefef&#8221; background_color_gradient_direction=&#8221;90deg&#8221; custom_padding=&#8221;0px|0px||0px&#8221;][et_pb_row use_custom_width=&#8221;on&#8221; custom_width_px=&#8221;700px&#8221; custom_padding=&#8221;|||&#8221; _builder_version=&#8221;3.0.106&#8243; box_shadow_style=&#8221;preset1&#8243; box_shadow_vertical=&#8221;-20px&#8221; box_shadow_blur=&#8221;20px&#8221; box_shadow_spread=&#8221;-5px&#8221; module_alignment=&#8221;center&#8221;][et_pb_column type=&#8221;4_4&#8243; _builder_version=&#8221;3.0.47&#8243;][et_pb_text admin_label=&#8221;Texto \/ Sobre os Cadernos&#8221; _builder_version=&#8221;3.0.106&#8243; use_background_color_gradient=&#8221;on&#8221; background_color_gradient_start=&#8221;#ffffff&#8221; background_color_gradient_end=&#8221;#efefef&#8221; custom_margin=&#8221;-200px|||&#8221; custom_padding=&#8221;40px|40px|40px|40px&#8221;]<\/p>\n<h4>Cadernos de Estudos Sefarditas is a biannual peer-reviewed journal, which is indexed to the international databases Latindex, Qualis\/CAPES, and WorldCat.<\/h4>\n<p>The editors invite authors to submit original research articles, which have not been previously published in other journal or book, concerning Sephardic studies, Iberian conversos history and Sephardic diaspora.<\/p>\n<p>It will be accepted papers in Portuguese, Spanish, English, French and Italian. All papers will be evaluated by double-blind peer-review system. Upon receipt of the paper, the editors will submit it for evaluation by two external, independent and anonymous experts. After submission, the editors will notify the author on the decision to publish (or not publish) his\/her paper within a period bellow 6 months. The scientific and editorial boards reserve the right to reject any paper that does not fit the editorial criteria of the journal.<\/p>\n<p>Cadernos de Estudos Sefarditas cannot consider a paper if it has been published elsewhere (in any language), is currently under consideration by another publication, or has circulated on line in any kind of platform.<\/p>\n<p>The paper should not exceed the 50,000 characters, including blank spaces and footnotes. It should be included an abstract (&lt; 900 characters, including blank spaces) and 4 or 5 keywords.<\/p>\n<p>Authors should submit their papers to the email address <a href=\"mailto:cadernos_sefarditas@letras.ulisboa.pt\">cadernos_sefarditas@letras.ulisboa.pt.<\/a><\/p>\n<p>&nbsp;<\/p>\n<p>Director:<\/p>\n<p>Maria de F\u00e1tima Reis<\/p>\n<p>&nbsp;<\/p>\n<p>Editorial board:<\/p>\n<p>Carla Vieira<\/p>\n<p>Miguel Rodrigues Louren\u00e7o<\/p>\n<p>Susana Bastos Mateus<\/p>\n<p>&nbsp;<\/p>\n<p>Scientific board:<\/p>\n<p>B\u00e9atrice Perez (Universit\u00e9 Paris-Sorbonne, Fran\u00e7a)<\/p>\n<p>Bruno Feitler (Universidade Federal de S\u00e3o Paulo, Brasil)<\/p>\n<p>Francesco Guidi-Bruscoli (Universit\u00e0 di Firenze, It\u00e1lia)<\/p>\n<p>Fran\u00e7ois Soyer (University of New England, Austr\u00e1lia)<\/p>\n<p>Jaqueline Vassallo (Universidad Nacional de C\u00f3rdoba | CONICET, Argentina)<\/p>\n<p>Filipa Ribeiro da Silva<span>(Institute of Social History of the Royal Netherlands Academy of Arts and Sciences, Pa\u00edses Baixos)<\/span><\/p>\n<p>&nbsp;<\/p>\n<p>[\/et_pb_text][\/et_pb_column][\/et_pb_row][\/et_pb_section][et_pb_section fb_built=&#8221;1&#8243; _builder_version=&#8221;3.2.2&#8243; background_image=&#8221;https:\/\/cadernos.catedra-alberto-benveniste.org\/wp-content\/uploads\/2018\/04\/Textura-1.jpg&#8221;][et_pb_row use_custom_gutter=&#8221;on&#8221; make_equal=&#8221;on&#8221; padding_top_1=&#8221;20px&#8221; padding_top_2=&#8221;20px&#8221; padding_top_3=&#8221;20px&#8221; padding_right_1=&#8221;20px&#8221; padding_right_2=&#8221;20px&#8221; padding_right_3=&#8221;20px&#8221; padding_bottom_1=&#8221;20px&#8221; padding_bottom_2=&#8221;20px&#8221; padding_bottom_3=&#8221;20px&#8221; padding_left_1=&#8221;20px&#8221; padding_left_2=&#8221;20px&#8221; padding_left_3=&#8221;20px&#8221; _builder_version=&#8221;3.2.2&#8243;][et_pb_column type=&#8221;1_3&#8243; _builder_version=&#8221;3.0.47&#8243;][et_pb_blurb title=&#8221;Editorial board&#8221; url=&#8221;https:\/\/cadernos.catedra-alberto-benveniste.org\/en\/about-cadernos\/editorial-board\/&#8221; admin_label=&#8221;C Editorial texto Intro&#8221; _builder_version=&#8221;3.2.2&#8243; header_level=&#8221;h3&#8243; header_text_color=&#8221;#ffffff&#8221; background_layout=&#8221;dark&#8221;]The editorial board is composed of the Director of the C\u00e1tedra de Estudos Sefarditas Alberto Benveniste (Center for Sephardic Studies Alberto Benveniste) and three editors, who are responsible for the first selection of the journal content, the definition of its structure and the monitoring of the evaluation process of the submitted papers. The editorial board monitors the entire editorial process, from defining the thematic scope of each issue and scheduling calls for papers to following the evaluation process of the submitted papers, as well as the graphical conception and printing of the journal.[\/et_pb_blurb][\/et_pb_column][et_pb_column type=&#8221;1_3&#8243; _builder_version=&#8221;3.0.47&#8243;][et_pb_blurb title=&#8221;Scientific board&#8221; url=&#8221;https:\/\/cadernos.catedra-alberto-benveniste.org\/en\/about-cadernos\/scientific-board-2\/&#8221; image_max_width=&#8221;85%&#8221; admin_label=&#8221;C Cientifica\/ Texto Intro&#8221; _builder_version=&#8221;3.2.2&#8243; header_level=&#8221;h3&#8243; header_text_color=&#8221;#ffffff&#8221; body_text_color=&#8221;#ffffff&#8221;]The Scientific board is composed of international scholars who are experts in the core areas of the journal. This board is responsible for monitoring and advising on the editorial criteria and topics covered by the journal. It also contributes to the evaluation process of the submitted papers, suggesting external reviewers.[\/et_pb_blurb][\/et_pb_column][et_pb_column type=&#8221;1_3&#8243; _builder_version=&#8221;3.0.47&#8243;][et_pb_blurb title=&#8221;Reviewers&#8221; url=&#8221;https:\/\/cadernos.catedra-alberto-benveniste.org\/en\/about-cadernos\/reviewers\/&#8221; admin_label=&#8221;Avaliadores\/ Texto Intro&#8221; _builder_version=&#8221;3.2.2&#8243; header_level=&#8221;h3&#8243; header_text_color=&#8221;#ffffff&#8221; body_text_color=&#8221;#ffffff&#8221;]The papers submitted to Cadernos de Estudos Sefarditas are subjected to the evaluation of two external reviewers, following the double-blind peer review system. The selection of the anonymous reviewers are made according to the theme of the paper, and the expertise and scientific reputation of the reviewer. The national and institutional diversity of the reviewers is also privileged.[\/et_pb_blurb][\/et_pb_column][\/et_pb_row][\/et_pb_section][et_pb_section fb_built=&#8221;1&#8243; _builder_version=&#8221;3.2.2&#8243; background_image=&#8221;https:\/\/cadernos.catedra-alberto-benveniste.org\/wp-content\/uploads\/2018\/04\/Textura-2.jpg&#8221; custom_padding=&#8221;60px||0|&#8221; global_module=&#8221;25541&#8243;][et_pb_row custom_padding=&#8221;50px||20px|&#8221; custom_padding_phone=&#8221;50px||0px|&#8221; custom_padding_last_edited=&#8221;on|phone&#8221; padding_bottom_1=&#8221;20px&#8221; _builder_version=&#8221;3.2.2&#8243; background_size=&#8221;initial&#8221; background_position=&#8221;top_left&#8221; background_repeat=&#8221;repeat&#8221;][et_pb_column type=&#8221;4_4&#8243; _builder_version=&#8221;3.0.47&#8243;][et_pb_text admin_label=&#8221;Titulo: Call For Papers&#8221; _builder_version=&#8221;3.3.1&#8243; header_font=&#8221;|300||on|||||&#8221; header_text_align=&#8221;center&#8221; header_text_color=&#8221;#000000&#8243; header_font_size=&#8221;18px&#8221; header_letter_spacing=&#8221;6px&#8221; custom_margin=&#8221;||0px|&#8221; custom_padding=&#8221;20px||0px|&#8221; custom_padding_phone=&#8221;20px|||&#8221; custom_padding_last_edited=&#8221;on|phone&#8221;]<\/p>\n<h1>Call for papers<\/h1>\n<p>[\/et_pb_text][et_pb_divider color=&#8221;#000000&#8243; _builder_version=&#8221;3.2&#8243; max_width=&#8221;50%&#8221; module_alignment=&#8221;center&#8221;][\/et_pb_divider][\/et_pb_column][\/et_pb_row][et_pb_row use_custom_gutter=&#8221;on&#8221; gutter_width=&#8221;4&#8243; custom_padding=&#8221;0||0px|&#8221; make_equal=&#8221;on&#8221; _builder_version=&#8221;3.2.2&#8243; background_size=&#8221;initial&#8221; background_position=&#8221;top_left&#8221; background_repeat=&#8221;repeat&#8221;][et_pb_column type=&#8221;1_2&#8243; _builder_version=&#8221;3.0.47&#8243;][et_pb_blog posts_number=&#8221;1&#8243; include_categories=&#8221;3&#8243; show_author=&#8221;off&#8221; show_categories=&#8221;off&#8221; show_pagination=&#8221;off&#8221; admin_label=&#8221;Blog \/ Categoria: Call Aberto &#8221; _builder_version=&#8221;3.2.2&#8243; header_text_color=&#8221;#00549f&#8221; header_line_height=&#8221;1.2em&#8221; header_line_height_last_edited=&#8221;on|desktop&#8221; body_text_color=&#8221;#00549f&#8221; meta_text_color=&#8221;#00549f&#8221; pagination_font_size_tablet=&#8221;51&#8243; pagination_line_height_tablet=&#8221;2&#8243; border_width_all=&#8221;0px&#8221; border_width_bottom=&#8221;5px&#8221; border_color_left_fullwidth=&#8221;#000000&#8243; max_width_tablet=&#8221;75%&#8221; max_width_phone=&#8221;100%&#8221; max_width_last_edited=&#8221;on|tablet&#8221; module_alignment=&#8221;center&#8221; custom_margin=&#8221;|||&#8221; custom_padding=&#8221;20px|20px|20px|20px&#8221; custom_css_content=&#8221;color:#fff;&#8221;][\/et_pb_blog][\/et_pb_column][et_pb_column type=&#8221;1_2&#8243; _builder_version=&#8221;3.0.47&#8243;][et_pb_blog posts_number=&#8221;1&#8243; include_categories=&#8221;12&#8243; show_author=&#8221;off&#8221; show_categories=&#8221;off&#8221; show_pagination=&#8221;off&#8221; admin_label=&#8221;Blog \/ Categoria: Call Permanente&#8221; _builder_version=&#8221;3.2.2&#8243; header_text_color=&#8221;#00549f&#8221; header_line_height=&#8221;1.2em&#8221; body_text_color=&#8221;#00549f&#8221; meta_text_color=&#8221;#00549f&#8221; pagination_font_size_tablet=&#8221;51&#8243; pagination_line_height_tablet=&#8221;2&#8243; border_width_all=&#8221;0px&#8221; border_width_bottom=&#8221;5px&#8221; border_color_left_fullwidth=&#8221;#000000&#8243; max_width_tablet=&#8221;75%&#8221; max_width_phone=&#8221;100%&#8221; max_width_last_edited=&#8221;on|desktop&#8221; module_alignment=&#8221;center&#8221; custom_margin=&#8221;|||&#8221; custom_padding=&#8221;20px|20px|20px|20px&#8221; custom_css_before=&#8221;height: 20%;||width: 20%; &#8220;][\/et_pb_blog][\/et_pb_column][\/et_pb_row][\/et_pb_section]<\/p>\n","protected":false},"excerpt":{"rendered":"<p>Cadernos de Estudos Sefarditas is a biannual peer-reviewed journal, which is indexed to the international databases Latindex, Qualis\/CAPES, and WorldCat. The editors invite authors to submit original research articles, which have not been previously published in other journal or book, concerning Sephardic studies, Iberian conversos history and Sephardic diaspora. It will be accepted papers in [&hellip;]<\/p>\n","protected":false},"author":1,"featured_media":0,"parent":0,"menu_order":0,"comment_status":"closed","ping_status":"closed","template":"","meta":{"_et_pb_use_builder":"on","_et_pb_old_content":"","_et_gb_content_width":"","footnotes":""},"class_list":["post-28721","page","type-page","status-publish","hentry"],"_links":{"self":[{"href":"https:\/\/cadernos.catedra-alberto-benveniste.org\/en\/wp-json\/wp\/v2\/pages\/28721","targetHints":{"allow":["GET"]}}],"collection":[{"href":"https:\/\/cadernos.catedra-alberto-benveniste.org\/en\/wp-json\/wp\/v2\/pages"}],"about":[{"href":"https:\/\/cadernos.catedra-alberto-benveniste.org\/en\/wp-json\/wp\/v2\/types\/page"}],"author":[{"embeddable":true,"href":"https:\/\/cadernos.catedra-alberto-benveniste.org\/en\/wp-json\/wp\/v2\/users\/1"}],"replies":[{"embeddable":true,"href":"https:\/\/cadernos.catedra-alberto-benveniste.org\/en\/wp-json\/wp\/v2\/comments?post=28721"}],"version-history":[{"count":17,"href":"https:\/\/cadernos.catedra-alberto-benveniste.org\/en\/wp-json\/wp\/v2\/pages\/28721\/revisions"}],"predecessor-version":[{"id":29448,"href":"https:\/\/cadernos.catedra-alberto-benveniste.org\/en\/wp-json\/wp\/v2\/pages\/28721\/revisions\/29448"}],"wp:attachment":[{"href":"https:\/\/cadernos.catedra-alberto-benveniste.org\/en\/wp-json\/wp\/v2\/media?parent=28721"}],"curies":[{"name":"wp","href":"https:\/\/api.w.org\/{rel}","templated":true}]}}

<p>[et_pb_section fb_built=&#8221;1&#8243; fullwidth=&#8221;on&#8221; admin_label=&#8221;imagem full&#8221; _builder_version=&#8221;3.2.2&#8243; background_color=&#8221;#f7f7f7&#8243; custom_padding_tablet=&#8221;0px||0px|&#8221;][et_pb_fullwidth_header title=&#8221;About Cadernos&#8221; background_overlay_color=&#8221;rgba(0,0,0,0.2)&#8221; content_max_width=&#8221;550px&#8221; admin_label=&#8221;Imagem Full&#8221; _builder_version=&#8221;3.16&#8243; title_text_color=&#8221;#ffffff&#8221; subhead_font=&#8221;|||on|||||&#8221; subhead_line_height=&#8221;1.4em&#8221; background_color=&#8221;rgba(255, 255, 255, 0)&#8221; background_image=&#8221;https://cadernos.catedra-alberto-benveniste.org/wp-content/uploads/2018/05/imagem-top-8.jpg&#8221; parallax=&#8221;on&#8221; parallax_method=&#8221;on&#8221; module_alignment=&#8221;right&#8221; custom_margin=&#8221;|||&#8221; custom_padding=&#8221;8%||260px|&#8221; child_filter_saturate=&#8221;92%&#8221; button_one_text_size__hover_enabled=&#8221;off&#8221; button_two_text_size__hover_enabled=&#8221;off&#8221; button_one_text_color__hover_enabled=&#8221;off&#8221; button_two_text_color__hover_enabled=&#8221;off&#8221; button_one_border_width__hover_enabled=&#8221;off&#8221; button_two_border_width__hover_enabled=&#8221;off&#8221; button_one_border_color__hover_enabled=&#8221;off&#8221; button_two_border_color__hover_enabled=&#8221;off&#8221; button_one_border_radius__hover_enabled=&#8221;off&#8221; button_two_border_radius__hover_enabled=&#8221;off&#8221; button_one_letter_spacing__hover_enabled=&#8221;off&#8221; button_two_letter_spacing__hover_enabled=&#8221;off&#8221; button_one_bg_color__hover_enabled=&#8221;off&#8221; button_two_bg_color__hover_enabled=&#8221;off&#8221;][/et_pb_fullwidth_header][/et_pb_section][et_pb_section fb_built=&#8221;1&#8243; admin_label=&#8221;texto / sobre os cadernos&#8221; _builder_version=&#8221;3.0.106&#8243; background_color=&#8221;#efefef&#8221; background_color_gradient_direction=&#8221;90deg&#8221; custom_padding=&#8221;0px|0px||0px&#8221;][et_pb_row use_custom_width=&#8221;on&#8221; custom_width_px=&#8221;700px&#8221; custom_padding=&#8221;|||&#8221; _builder_version=&#8221;3.0.106&#8243; box_shadow_style=&#8221;preset1&#8243; box_shadow_vertical=&#8221;-20px&#8221; box_shadow_blur=&#8221;20px&#8221; box_shadow_spread=&#8221;-5px&#8221; module_alignment=&#8221;center&#8221;][et_pb_column type=&#8221;4_4&#8243; _builder_version=&#8221;3.0.47&#8243;][et_pb_text admin_label=&#8221;Texto / Sobre os Cadernos&#8221; _builder_version=&#8221;3.0.106&#8243; use_background_color_gradient=&#8221;on&#8221; background_color_gradient_start=&#8221;#ffffff&#8221; background_color_gradient_end=&#8221;#efefef&#8221; custom_margin=&#8221;-200px|||&#8221; custom_padding=&#8221;40px|40px|40px|40px&#8221;]</p>
<h4>Cadernos de Estudos Sefarditas is a biannual peer-reviewed journal, which is indexed to the international databases Latindex, Qualis/CAPES, and WorldCat.</h4>
<p>The editors invite authors to submit original research articles, which have not been previously published in other journal or book, concerning Sephardic studies, Iberian conversos history and Sephardic diaspora.</p>
<p>It will be accepted papers in Portuguese, Spanish, English, French and Italian. All papers will be evaluated by double-blind peer-review system. Upon receipt of the paper, the editors will submit it for evaluation by two external, independent and anonymous experts. After submission, the editors will notify the author on the decision to publish (or not publish) his/her paper within a period bellow 6 months. The scientific and editorial boards reserve the right to reject any paper that does not fit the editorial criteria of the journal.</p>
<p>Cadernos de Estudos Sefarditas cannot consider a paper if it has been published elsewhere (in any language), is currently under consideration by another publication, or has circulated on line in any kind of platform.</p>
<p>The paper should not exceed the 50,000 characters, including blank spaces and footnotes. It should be included an abstract (&lt; 900 characters, including blank spaces) and 4 or 5 keywords.</p>
<p>Authors should submit their papers to the email address <a href="mailto:cadernos_sefarditas@letras.ulisboa.pt">cadernos_sefarditas@letras.ulisboa.pt.</a></p>
<p>&nbsp;</p>
<p>Director:</p>
<p>Maria de Fátima Reis</p>
<p>&nbsp;</p>
<p>Editorial board:</p>
<p>Carla Vieira</p>
<p>Miguel Rodrigues Lourenço</p>
<p>Susana Bastos Mateus</p>
<p>&nbsp;</p>
<p>Scientific board:</p>
<p>Béatrice Perez (Université Paris-Sorbonne, França)</p>
<p>Bruno Feitler (Universidade Federal de São Paulo, Brasil)</p>
<p>Francesco Guidi-Bruscoli (Università di Firenze, Itália)</p>
<p>François Soyer (University of New England, Austrália)</p>
<p>Jaqueline Vassallo (Universidad Nacional de Córdoba | CONICET, Argentina)</p>
<p>Filipa Ribeiro da Silva<span>(Institute of Social History of the Royal Netherlands Academy of Arts and Sciences, Países Baixos)</span></p>
<p>&nbsp;</p>
<p>[/et_pb_text][/et_pb_column][/et_pb_row][/et_pb_section][et_pb_section fb_built=&#8221;1&#8243; _builder_version=&#8221;3.2.2&#8243; background_image=&#8221;https://cadernos.catedra-alberto-benveniste.org/wp-content/uploads/2018/04/Textura-1.jpg&#8221;][et_pb_row use_custom_gutter=&#8221;on&#8221; make_equal=&#8221;on&#8221; padding_top_1=&#8221;20px&#8221; padding_top_2=&#8221;20px&#8221; padding_top_3=&#8221;20px&#8221; padding_right_1=&#8221;20px&#8221; padding_right_2=&#8221;20px&#8221; padding_right_3=&#8221;20px&#8221; padding_bottom_1=&#8221;20px&#8221; padding_bottom_2=&#8221;20px&#8221; padding_bottom_3=&#8221;20px&#8221; padding_left_1=&#8221;20px&#8221; padding_left_2=&#8221;20px&#8221; padding_left_3=&#8221;20px&#8221; _builder_version=&#8221;3.2.2&#8243;][et_pb_column type=&#8221;1_3&#8243; _builder_version=&#8221;3.0.47&#8243;][et_pb_blurb title=&#8221;Editorial board&#8221; url=&#8221;https://cadernos.catedra-alberto-benveniste.org/en/about-cadernos/editorial-board/&#8221; admin_label=&#8221;C Editorial texto Intro&#8221; _builder_version=&#8221;3.2.2&#8243; header_level=&#8221;h3&#8243; header_text_color=&#8221;#ffffff&#8221; background_layout=&#8221;dark&#8221;]The editorial board is composed of the Director of the Cátedra de Estudos Sefarditas Alberto Benveniste (Center for Sephardic Studies Alberto Benveniste) and three editors, who are responsible for the first selection of the journal content, the definition of its structure and the monitoring of the evaluation process of the submitted papers. The editorial board monitors the entire editorial process, from defining the thematic scope of each issue and scheduling calls for papers to following the evaluation process of the submitted papers, as well as the graphical conception and printing of the journal.[/et_pb_blurb][/et_pb_column][et_pb_column type=&#8221;1_3&#8243; _builder_version=&#8221;3.0.47&#8243;][et_pb_blurb title=&#8221;Scientific board&#8221; url=&#8221;https://cadernos.catedra-alberto-benveniste.org/en/about-cadernos/scientific-board-2/&#8221; image_max_width=&#8221;85%&#8221; admin_label=&#8221;C Cientifica/ Texto Intro&#8221; _builder_version=&#8221;3.2.2&#8243; header_level=&#8221;h3&#8243; header_text_color=&#8221;#ffffff&#8221; body_text_color=&#8221;#ffffff&#8221;]The Scientific board is composed of international scholars who are experts in the core areas of the journal. This board is responsible for monitoring and advising on the editorial criteria and topics covered by the journal. It also contributes to the evaluation process of the submitted papers, suggesting external reviewers.[/et_pb_blurb][/et_pb_column][et_pb_column type=&#8221;1_3&#8243; _builder_version=&#8221;3.0.47&#8243;][et_pb_blurb title=&#8221;Reviewers&#8221; url=&#8221;https://cadernos.catedra-alberto-benveniste.org/en/about-cadernos/reviewers/&#8221; admin_label=&#8221;Avaliadores/ Texto Intro&#8221; _builder_version=&#8221;3.2.2&#8243; header_level=&#8221;h3&#8243; header_text_color=&#8221;#ffffff&#8221; body_text_color=&#8221;#ffffff&#8221;]The papers submitted to Cadernos de Estudos Sefarditas are subjected to the evaluation of two external reviewers, following the double-blind peer review system. The selection of the anonymous reviewers are made according to the theme of the paper, and the expertise and scientific reputation of the reviewer. The national and institutional diversity of the reviewers is also privileged.[/et_pb_blurb][/et_pb_column][/et_pb_row][/et_pb_section][et_pb_section fb_built=&#8221;1&#8243; _builder_version=&#8221;3.2.2&#8243; background_image=&#8221;https://cadernos.catedra-alberto-benveniste.org/wp-content/uploads/2018/04/Textura-2.jpg&#8221; custom_padding=&#8221;60px||0|&#8221; global_module=&#8221;25541&#8243;][et_pb_row custom_padding=&#8221;50px||20px|&#8221; custom_padding_phone=&#8221;50px||0px|&#8221; custom_padding_last_edited=&#8221;on|phone&#8221; padding_bottom_1=&#8221;20px&#8221; _builder_version=&#8221;3.2.2&#8243; background_size=&#8221;initial&#8221; background_position=&#8221;top_left&#8221; background_repeat=&#8221;repeat&#8221;][et_pb_column type=&#8221;4_4&#8243; _builder_version=&#8221;3.0.47&#8243;][et_pb_text admin_label=&#8221;Titulo: Call For Papers&#8221; _builder_version=&#8221;3.3.1&#8243; header_font=&#8221;|300||on|||||&#8221; header_text_align=&#8221;center&#8221; header_text_color=&#8221;#000000&#8243; header_font_size=&#8221;18px&#8221; header_letter_spacing=&#8221;6px&#8221; custom_margin=&#8221;||0px|&#8221; custom_padding=&#8221;20px||0px|&#8221; custom_padding_phone=&#8221;20px|||&#8221; custom_padding_last_edited=&#8221;on|phone&#8221;]</p>
<h1>Call for papers</h1>
<p>[/et_pb_text][et_pb_divider color=&#8221;#000000&#8243; _builder_version=&#8221;3.2&#8243; max_width=&#8221;50%&#8221; module_alignment=&#8221;center&#8221;][/et_pb_divider][/et_pb_column][/et_pb_row][et_pb_row use_custom_gutter=&#8221;on&#8221; gutter_width=&#8221;4&#8243; custom_padding=&#8221;0||0px|&#8221; make_equal=&#8221;on&#8221; _builder_version=&#8221;3.2.2&#8243; background_size=&#8221;initial&#8221; background_position=&#8221;top_left&#8221; background_repeat=&#8221;repeat&#8221;][et_pb_column type=&#8221;1_2&#8243; _builder_version=&#8221;3.0.47&#8243;][et_pb_blog posts_number=&#8221;1&#8243; include_categories=&#8221;3&#8243; show_author=&#8221;off&#8221; show_categories=&#8221;off&#8221; show_pagination=&#8221;off&#8221; admin_label=&#8221;Blog / Categoria: Call Aberto &#8221; _builder_version=&#8221;3.2.2&#8243; header_text_color=&#8221;#00549f&#8221; header_line_height=&#8221;1.2em&#8221; header_line_height_last_edited=&#8221;on|desktop&#8221; body_text_color=&#8221;#00549f&#8221; meta_text_color=&#8221;#00549f&#8221; pagination_font_size_tablet=&#8221;51&#8243; pagination_line_height_tablet=&#8221;2&#8243; border_width_all=&#8221;0px&#8221; border_width_bottom=&#8221;5px&#8221; border_color_left_fullwidth=&#8221;#000000&#8243; max_width_tablet=&#8221;75%&#8221; max_width_phone=&#8221;100%&#8221; max_width_last_edited=&#8221;on|tablet&#8221; module_alignment=&#8221;center&#8221; custom_margin=&#8221;|||&#8221; custom_padding=&#8221;20px|20px|20px|20px&#8221; custom_css_content=&#8221;color:#fff;&#8221;][/et_pb_blog][/et_pb_column][et_pb_column type=&#8221;1_2&#8243; _builder_version=&#8221;3.0.47&#8243;][et_pb_blog posts_number=&#8221;1&#8243; include_categories=&#8221;12&#8243; show_author=&#8221;off&#8221; show_categories=&#8221;off&#8221; show_pagination=&#8221;off&#8221; admin_label=&#8221;Blog / Categoria: Call Permanente&#8221; _builder_version=&#8221;3.2.2&#8243; header_text_color=&#8221;#00549f&#8221; header_line_height=&#8221;1.2em&#8221; body_text_color=&#8221;#00549f&#8221; meta_text_color=&#8221;#00549f&#8221; pagination_font_size_tablet=&#8221;51&#8243; pagination_line_height_tablet=&#8221;2&#8243; border_width_all=&#8221;0px&#8221; border_width_bottom=&#8221;5px&#8221; border_color_left_fullwidth=&#8221;#000000&#8243; max_width_tablet=&#8221;75%&#8221; max_width_phone=&#8221;100%&#8221; max_width_last_edited=&#8221;on|desktop&#8221; module_alignment=&#8221;center&#8221; custom_margin=&#8221;|||&#8221; custom_padding=&#8221;20px|20px|20px|20px&#8221; custom_css_before=&#8221;height: 20%;||width: 20%; &#8220;][/et_pb_blog][/et_pb_column][/et_pb_row][/et_pb_section]</p>
